1
Convert 281814 (base 9) to base 14.
46960
-57a25 (base 13) to base 4
-213002201
27227645 (base 8) to base 12
2066205
What is -13623a (base 11) in base 15?
-432b5
Convert -66390 (base 10) to base 3.
-10101001220
1c7e3 (base 15) to base 3
11201110020
Convert ae6a (base 15) to base 6.
443144
Convert 330441 (base 9) to base 4.
300021013
What is 571834 (base 10) in base 15?
b4674
What is -30032133 (base 4) in base 3?
-2112200210
Convert -12202211201212 (base 3) to base 16.
-2ece2f
Convert 270055 (base 12) to base 11.
3aa008
Convert 4865428 (base 9) to base 8.
12047155
What is -108991 (base 11) in base 5?
-21013023
What is -101304 (base 12) in base 8?
-752164
Convert -14044431 (base 5) to base 10.
-143741
232303111002 (base 4) to base 15
1125346
-148382 (base 9) to base 8
-262462
What is -1001001000000010110011 (base 2) in base 3?
-11111112112121
What is 110110001010010111 (base 2) in base 10?
221847
433022311 (base 6) to base 2
11101011000001110000011
What is 1111110100100010101010 (base 2) in base 12?
1480122
-47701 (base 8) to base 4
-10333001
-211210020102 (base 3) to base 10
-448508
What is 258537 (base 10) in base 8?
770751
What is -1dd861b (base 14) in base 13?
-3169581
30032145 (base 7) to base 4
21131020020
What is -1013321340 (base 5) in base 10?
-2088970
What is -4633036 (base 9) in base 10?
-2501961
Convert f215e (base 16) to base 14.
1bb514
What is -2762071 (base 8) in base 5?
-144414241
What is -188ca2 (base 13) in base 10?
-619517
-33124103 (base 5) to base 3
-112112112021
What is -100010010100001000111000 (base 2) in base 3?
-121221000100101
What is -711036 (base 9) in base 2?
-1100110101100111010
46d59 (base 15) to base 6
4501103
Convert 20010101222 (base 3) to base 5.
12324311
232084 (base 9) to base 12
68757
Convert 10114412 (base 5) to base 4.
110020302
-204880 (base 15) to base 2
-101110110100011011010
Convert 103230010112 (base 4) to base 10.
5161238
What is -beba (base 15) in base 5?
-2243300
What is -ec772 (base 16) in base 3?
-1211012121200
122143420 (base 5) to base 2
10001110101000101011
1535035 (base 6) to base 12
4447b
15152843 (base 9) to base 6
425252233
What is -10011001000011100010 (base 2) in base 6?
-21234214
Convert -21222112011010 (base 3) to base 6.
-230531350
Convert -2012120020010 (base 3) to base 14.
-227389
Convert -11231120300 (base 4) to base 6.
-52024452
-5064 (base 12) to base 16
-220c
What is -113650340 (base 7) in base 6?
-411110505
1137125 (base 11) to base 4
13210313100
Convert -2213331110 (base 4) to base 14.
-13c9da
What is 42340655 (base 8) in base 6?
521300205
Convert 145662 (base 9) to base 16.
15d88
-59723 (base 12) to base 15
-2597c
Convert -2ca5e4 (base 15) to base 6.
-114154111
7a2354 (base 12) to base 13
535003
What is 20001001111 (base 3) in base 7?
1003360
What is 11001110000111111000001 (base 2) in base 13?
15263c0
Convert 1012112020012 (base 3) to base 2.
10011100010011100101
What is 1612372 (base 11) in base 6?
135021244
What is -33364366 (base 7) in base 10?
-2889970
What is 4413232441 (base 5) in base 11?
5404968
Convert -612001 (base 9) to base 12.
-15580a
Convert -2043210231 (base 5) to base 10.
-4272566
What is -487895 (base 10) in base 16?
-771d7
-1002202010220 (base 3) to base 13
-17665b
What is 5dbba (base 16) in base 10?
383930
What is d1b4 (base 16) in base 9?
81568
-1377d (base 16) to base 4
-103131331
edea3 (base 15) to base 10
755928
548d90 (base 14) to base 16
2bc0d2
What is -10100011100111100 (base 2) in base 6?
-1443500
275b11 (base 12) to base 14
12ddc9
What is -aa1cda (base 14) in base 9?
-11760702
-213323321 (base 4) to base 6
-3301145
-3033073 (base 8) to base 12
-32718b
What is 376f0 (base 16) in base 15?
47421
11110110110101001011 (base 2) to base 6
33400351
What is -460b59 (base 15) in base 3?
-20021212211210
What is -33ac71 (base 13) in base 12?
-4b0170
11100112101102 (base 3) to base 5
1043012043
What is 2101101010 (base 3) in base 2?
1011011101010001
What is 444835 (base 10) in base 16?
6c9a3
What is -66343400 (base 7) in base 12?
-1ab3582
Convert -100100101010001101101 (base 2) to base 9.
-2230734
Convert 100111011001010000111110 (base 2) to base 7.
153531112
22111112201001 (base 3) to base 15
5e3a87
What is -1104253 (base 7) in base 2?
-100001001100011100
-7523724 (base 8) to base 4
-13222133110
What is 422703 (base 9) in base 6?
5215350
47db1 (base 14) to base 3
22220211210
-2030 (base 6) to base 4
-13002
-4733466 (base 9) to base 16
-271551
Convert 432252 (base 11) to base 16.
a8b90
-14285 (base 12) to base 3
-1102110102
What is -40033244 (base 5) in base 15?
-63434
169945 (base 10) to base 12
82421
What is -2001011022211 (base 3) in base 2?
-100001001000100010111
-21051131 (base 6) to base 11
-389847
Convert 30002123232 (base 4) to base 8.
14023356
511265 (base 9) to base 7
2400446
-100111000111110010100 (base 2) to base 14
-255272
-43d033 (base 16) to base 13
-bc7b15
What is -4831a5 (base 12) in base 3?
-2012021100222
Convert -b15d5 (base 14) to base 3.
-210200000211
-240302020 (base 6) to base 14
-852d2c
100101010101100001110 (base 2) to base 15
192778
-a7799 (base 13) to base 5
-34133143
420b0 (base 16) to base 13
96188
-100010000000100101100 (base 2) to base 4
-10100010230
What is 128848 (base 10) in base 12?
62694
What is 11220555 (base 6) in base 13?
c1019
-142934 (base 11) to base 15
-462d8
-6199a3 (base 11) to base 2
-11110010101101010000
-2148786 (base 10) to base 13
-5a3093
Convert -111101100100111111001 (base 2) to base 4.
-13230213321
What is 59aa25 (base 16) in base 6?
325540525
Convert 14214403 (base 6) to base 14.
c8775
Convert -88d53 (base 14) to base 16.
-5107d
What is -31266446 (base 7) in base 16?
-2842fa
Convert -1110000110000011100001 (base 2) to base 14.
-6c2717
Convert 430334 (base 7) to base 3.
10210100002
Convert 22411145 (base 7) to base 2.
111011100101010110110
Convert -1021413550 (base 6) to base 2.
-101000111000100100101010
Convert 213795c (base 13) to base 7.
152040306
What is 4050 (base 9) in base 5?
43321
What is 853255 (base 9) in base 5?
112220341
What is -25503525 (base 7) in base 6?
-121423443
-2293015 (base 10) to base 6
-121051451
1022210022001 (base 3) to base 9
1283261
529116 (base 10) to base 2
10000001001011011100
3541115 (base 6) to base 3
100100210202
What is -1140223133 (base 5) in base 7?
-31434153
What is -b5b87 (base 13) in base 5?
-40432001
Convert -71eb98 (base 16) to base 14.
-dc4b32
Convert -11581914 (base 10) to base 9.
-23712353
Convert -1113010223 (base 4) to base 8.
-1270453
-10022211202 (base 3) to base 2
-1111111111010111
What is 114442 (base 14) in base 10?
588058
-10011101001101000 (base 2) to base 7
-453442
3320211 (base 5) to base 3
2220221201
Convert -110022333203 (base 4) to base 11.
-2a91979
Convert -5a698 (base 12) to base 6.
-2340312
-72e89a (base 15) to base 6
-313053514
Convert 10001111010101001000 (base 2) to base 9.
1084281
Convert 14242345 (base 6) to base 9.
823202
What is 58a52 (base 12) in base 13?
42224
What is -2a865 (base 13) in base 4?
-103222033
Convert 14001b (base 15) to base 3.
1210212110222
15045500 (base 8) to base 12
1193368
Convert -425525 (base 9) to base 14.
-684b5
What is 6577787 (base 9) in base 10?
3535567
-2132101311 (base 4) to base 16
-9e475
-22542042 (base 7) to base 12
-7b3b43
Convert -1244043232 (base 5) to base 15.
-41727c
Convert 1000102110020 (base 3) to base 8.
2036216
What is 3200321310 (base 4) in base 14?
19da04
What is 2002000100211 (base 3) in base 10?
1102513
What is 426094 (base 15) in base 16?
303463
What is 2066522 (base 8) in base 13?
1644b8
What is -271872 (base 9) in base 2?
-101000011001011011
332727 (base 9) to base 6
4132424
What is -1101201120 (base 3) in base 5?
-1340001
4a36448 (base 11) to base 14
123a6ab
-8667086 (base 9) to base 16
-46f581
What is -143521 (base 6) in base 11?
-a407
691e0e (base 15) to base 12
1820212
Convert -9440c7 (base 14) to base 15.
-68d071
-154577 (base 8) to base 9
-84335
-11101010100001010011 (base 2) to base 4
-3222201103
Convert 100001110111010110 (base 2) to base 11.
95240
What is -35303455 (base 6) in base 15?
-16a198
-42a26 (base 11) to base 8
-172000
Convert -256530 (base 9) to base 14.
-40a61
What is -12475552 (base 8) in base 16?
-2a7b6a
What is 66053 (base 8) in base 5?
1341231
-584194 (base 10